{"id":401,"date":"2021-11-01T11:30:50","date_gmt":"2021-11-01T11:30:50","guid":{"rendered":"https:\/\/demo.athemes.com\/sydney-main\/?page_id=401"},"modified":"2025-07-16T18:35:53","modified_gmt":"2025-07-16T21:35:53","slug":"about","status":"publish","type":"page","link":"https:\/\/comtrato.com.br\/?page_id=401","title":{"rendered":"Quem Somos"},"content":{"rendered":"\t\t<div data-elementor-type=\"wp-page\" data-elementor-id=\"401\" class=\"elementor elementor-401\">\n\t\t\t\t\t\t<section class=\"elementor-section elementor-top-section elementor-element elementor-element-eedafb9 elementor-section-content-middle elementor-section-boxed elementor-section-height-default elementor-section-height-default\" data-id=\"eedafb9\" data-element_type=\"section\">\n\t\t\t\t\t\t<div class=\"elementor-container elementor-column-gap-default\">\n\t\t\t\t\t<div class=\"elementor-column elementor-col-50 elementor-top-column elementor-element elementor-element-571508b\" data-id=\"571508b\" data-element_type=\"column\">\n\t\t\t<div class=\"elementor-widget-wrap elementor-element-populated\">\n\t\t\t\t\t\t<div class=\"elementor-element elementor-element-fb80230 elementor-widget elementor-widget-heading\" data-id=\"fb80230\" data-element_type=\"widget\" data-widget_type=\"heading.default\">\n\t\t\t\t<div class=\"elementor-widget-container\">\n\t\t\t\t\t<h6 class=\"elementor-heading-title elementor-size-default\">Fale com um especialista<\/h6>\t\t\t\t<\/div>\n\t\t\t\t<\/div>\n\t\t\t\t<div class=\"elementor-element elementor-element-2fc2cb6 elementor-widget elementor-widget-heading\" data-id=\"2fc2cb6\" data-element_type=\"widget\" data-widget_type=\"heading.default\">\n\t\t\t\t<div class=\"elementor-widget-container\">\n\t\t\t\t\t<h2 class=\"elementor-heading-title elementor-size-default\">Quem Somos<\/h2>\t\t\t\t<\/div>\n\t\t\t\t<\/div>\n\t\t\t\t<div class=\"elementor-element elementor-element-1cf0f1c elementor-widget elementor-widget-text-editor\" data-id=\"1cf0f1c\" data-element_type=\"widget\" data-widget_type=\"text-editor.default\">\n\t\t\t\t<div class=\"elementor-widget-container\">\n\t\t\t\t\t\t\t\t\t<p class=\"\" data-start=\"971\" data-end=\"1166\">Somos uma equipe dedicada \u00e0 escuta, media\u00e7\u00e3o e constru\u00e7\u00e3o de rela\u00e7\u00f5es mais conscientes. Acreditamos que rela\u00e7\u00f5es saud\u00e1veis transformam vidas, lares e ambientes corporativos.<\/p><p class=\"\" data-start=\"1168\" data-end=\"1347\">Atuamos com seriedade e \u00e9tica, oferecendo atendimentos personalizados para indiv\u00edduos, casais, fam\u00edlias e empresas que buscam mais clareza, conex\u00e3o e alinhamento em suas rela\u00e7\u00f5es.<\/p><p class=\"\" data-start=\"1349\" data-end=\"1414\"><strong data-start=\"1349\" data-end=\"1360\">Miss\u00e3o:<\/strong><br data-start=\"1360\" data-end=\"1363\" \/>Promover bem-estar e evolu\u00e7\u00e3o nas rela\u00e7\u00f5es humanas.<\/p><p class=\"\" data-start=\"1416\" data-end=\"1541\"><strong data-start=\"1416\" data-end=\"1426\">Vis\u00e3o:<\/strong><br data-start=\"1426\" data-end=\"1429\" \/>Tornar-se refer\u00eancia na facilita\u00e7\u00e3o de acordos afetivos e no desenvolvimento relacional dentro das organiza\u00e7\u00f5es.<\/p><p class=\"\" data-start=\"1543\" data-end=\"1635\"><strong data-start=\"1543\" data-end=\"1555\">Valores:<\/strong><br data-start=\"1555\" data-end=\"1558\" \/>Empatia \u2022 Escuta ativa \u2022 \u00c9tica \u2022 Transpar\u00eancia \u2022 Comprometimento com o humano<\/p>\t\t\t\t\t\t\t\t<\/div>\n\t\t\t\t<\/div>\n\t\t\t\t\t<\/div>\n\t\t<\/div>\n\t\t\t\t<div class=\"elementor-column elementor-col-50 elementor-top-column elementor-element elementor-element-bc4d4c0\" data-id=\"bc4d4c0\" data-element_type=\"column\">\n\t\t\t<div class=\"elementor-widget-wrap elementor-element-populated\">\n\t\t\t\t\t\t<div class=\"elementor-element elementor-element-48dd569 elementor-widget elementor-widget-image\" data-id=\"48dd569\" data-element_type=\"widget\" data-widget_type=\"image.default\">\n\t\t\t\t<div class=\"elementor-widget-container\">\n\t\t\t\t\t\t\t\t\t\t\t\t\t\t\t<img fetchpriority=\"high\" decoding=\"async\" width=\"768\" height=\"1024\" src=\"https:\/\/comtrato.com.br\/wp-content\/uploads\/2025\/07\/Imagem-do-WhatsApp-de-2025-06-18-as-15.31.06_1368d15d-768x1024.jpg\" class=\"attachment-large size-large wp-image-1340\" alt=\"\" srcset=\"https:\/\/comtrato.com.br\/wp-content\/uploads\/2025\/07\/Imagem-do-WhatsApp-de-2025-06-18-as-15.31.06_1368d15d-768x1024.jpg 768w, https:\/\/comtrato.com.br\/wp-content\/uploads\/2025\/07\/Imagem-do-WhatsApp-de-2025-06-18-as-15.31.06_1368d15d-225x300.jpg 225w, https:\/\/comtrato.com.br\/wp-content\/uploads\/2025\/07\/Imagem-do-WhatsApp-de-2025-06-18-as-15.31.06_1368d15d-1152x1536.jpg 1152w, https:\/\/comtrato.com.br\/wp-content\/uploads\/2025\/07\/Imagem-do-WhatsApp-de-2025-06-18-as-15.31.06_1368d15d-1000x1333.jpg 1000w, https:\/\/comtrato.com.br\/wp-content\/uploads\/2025\/07\/Imagem-do-WhatsApp-de-2025-06-18-as-15.31.06_1368d15d-230x307.jpg 230w, https:\/\/comtrato.com.br\/wp-content\/uploads\/2025\/07\/Imagem-do-WhatsApp-de-2025-06-18-as-15.31.06_1368d15d-350x467.jpg 350w, https:\/\/comtrato.com.br\/wp-content\/uploads\/2025\/07\/Imagem-do-WhatsApp-de-2025-06-18-as-15.31.06_1368d15d-480x640.jpg 480w, https:\/\/comtrato.com.br\/wp-content\/uploads\/2025\/07\/Imagem-do-WhatsApp-de-2025-06-18-as-15.31.06_1368d15d.jpg 1200w\" sizes=\"(max-width: 768px) 100vw, 768px\" \/>\t\t\t\t\t\t\t\t\t\t\t\t\t\t\t<\/div>\n\t\t\t\t<\/div>\n\t\t\t\t\t<\/div>\n\t\t<\/div>\n\t\t\t\t\t<\/div>\n\t\t<\/section>\n\t\t\t\t<section class=\"elementor-section elementor-top-section elementor-element elementor-element-cf5ff21 elementor-section-content-middle elementor-section-boxed elementor-section-height-default elementor-section-height-default\" data-id=\"cf5ff21\" data-element_type=\"section\" data-settings=\"{&quot;background_background&quot;:&quot;classic&quot;}\">\n\t\t\t\t\t\t<div class=\"elementor-container elementor-column-gap-default\">\n\t\t\t\t\t<div class=\"elementor-column elementor-col-50 elementor-top-column elementor-element elementor-element-c35989b\" data-id=\"c35989b\" data-element_type=\"column\">\n\t\t\t<div class=\"elementor-widget-wrap elementor-element-populated\">\n\t\t\t\t\t\t<div class=\"elementor-element elementor-element-33e3b28 elementor-widget elementor-widget-image\" data-id=\"33e3b28\" data-element_type=\"widget\" data-widget_type=\"image.default\">\n\t\t\t\t<div class=\"elementor-widget-container\">\n\t\t\t\t\t\t\t\t\t\t\t\t\t\t\t<img decoding=\"async\" width=\"768\" height=\"1024\" src=\"https:\/\/comtrato.com.br\/wp-content\/uploads\/2025\/07\/Imagem-do-WhatsApp-de-2025-06-18-as-15.31.06_4c603180-768x1024.jpg\" class=\"attachment-large size-large wp-image-1341\" alt=\"\" srcset=\"https:\/\/comtrato.com.br\/wp-content\/uploads\/2025\/07\/Imagem-do-WhatsApp-de-2025-06-18-as-15.31.06_4c603180-768x1024.jpg 768w, https:\/\/comtrato.com.br\/wp-content\/uploads\/2025\/07\/Imagem-do-WhatsApp-de-2025-06-18-as-15.31.06_4c603180-225x300.jpg 225w, https:\/\/comtrato.com.br\/wp-content\/uploads\/2025\/07\/Imagem-do-WhatsApp-de-2025-06-18-as-15.31.06_4c603180-1152x1536.jpg 1152w, https:\/\/comtrato.com.br\/wp-content\/uploads\/2025\/07\/Imagem-do-WhatsApp-de-2025-06-18-as-15.31.06_4c603180-1000x1333.jpg 1000w, https:\/\/comtrato.com.br\/wp-content\/uploads\/2025\/07\/Imagem-do-WhatsApp-de-2025-06-18-as-15.31.06_4c603180-230x307.jpg 230w, https:\/\/comtrato.com.br\/wp-content\/uploads\/2025\/07\/Imagem-do-WhatsApp-de-2025-06-18-as-15.31.06_4c603180-350x467.jpg 350w, https:\/\/comtrato.com.br\/wp-content\/uploads\/2025\/07\/Imagem-do-WhatsApp-de-2025-06-18-as-15.31.06_4c603180-480x640.jpg 480w, https:\/\/comtrato.com.br\/wp-content\/uploads\/2025\/07\/Imagem-do-WhatsApp-de-2025-06-18-as-15.31.06_4c603180.jpg 1200w\" sizes=\"(max-width: 768px) 100vw, 768px\" \/>\t\t\t\t\t\t\t\t\t\t\t\t\t\t\t<\/div>\n\t\t\t\t<\/div>\n\t\t\t\t\t<\/div>\n\t\t<\/div>\n\t\t\t\t<div class=\"elementor-column elementor-col-50 elementor-top-column elementor-element elementor-element-9d8f192\" data-id=\"9d8f192\" data-element_type=\"column\">\n\t\t\t<div class=\"elementor-widget-wrap elementor-element-populated\">\n\t\t\t\t\t\t<div class=\"elementor-element elementor-element-a2ff96d elementor-widget elementor-widget-heading\" data-id=\"a2ff96d\" data-element_type=\"widget\" data-widget_type=\"heading.default\">\n\t\t\t\t<div class=\"elementor-widget-container\">\n\t\t\t\t\t<h2 class=\"elementor-heading-title elementor-size-default\">Experi\u00eancia e compromisso<\/h2>\t\t\t\t<\/div>\n\t\t\t\t<\/div>\n\t\t\t\t<div class=\"elementor-element elementor-element-6811c22 elementor-widget elementor-widget-text-editor\" data-id=\"6811c22\" data-element_type=\"widget\" data-widget_type=\"text-editor.default\">\n\t\t\t\t<div class=\"elementor-widget-container\">\n\t\t\t\t\t\t\t\t\t<p>Ana Carolina \u00e9 Advogada C\u00edvel, de Contratos e Fam\u00edlia, atuante na \u00e1rea h\u00e1 mais de 25 anos e ao longo de sua experi\u00eancia profissional, sentiu que muitas das quest\u00f5es trazidas pelos clientes eram relacionais e n\u00e3o somente jur\u00eddicas.<\/p><p>Claudio \u00e9 Administrador de Empresas, Coach, Consultor para pequenas e m\u00e9dias empresas e percebeu, tamb\u00e9m, que a maior parte das quest\u00f5es que lidava com seus clientes eram mais relacionais do que t\u00e9cnicas.<\/p><p>Buscando uma ferramenta para auxili\u00e1-los nas quest\u00f5es relacionais que lidavam em seus respectivos trabalhos se encontraram na forma\u00e7\u00e3o de Terapia Sist\u00eamica que, combinada com suas forma\u00e7\u00f5es iniciais, se revelou uma potente ferramenta para ser utilizada em diversas \u00e1reas, como a resolu\u00e7\u00e3o de v\u00e1rios tipos de conflitos, meio de facilitar di\u00e1logos dif\u00edceis (por. ex: casais conversarem sobre dinheiro, patrim\u00f4nio, novos acordos familiares para fam\u00edlia com pais divorciados), fam\u00edlias empres\u00e1rias, ambientes corporativos, diminui\u00e7\u00e3o de \u00edndices de litigiosidade em empresas, aumento de performance em equipe.<\/p>\t\t\t\t\t\t\t\t<\/div>\n\t\t\t\t<\/div>\n\t\t\t\t\t<\/div>\n\t\t<\/div>\n\t\t\t\t\t<\/div>\n\t\t<\/section>\n\t\t\t\t<section class=\"elementor-section elementor-top-section elementor-element elementor-element-cfed380 elementor-section-content-middle elementor-section-boxed elementor-section-height-default elementor-section-height-default\" data-id=\"cfed380\" data-element_type=\"section\" data-settings=\"{&quot;background_background&quot;:&quot;classic&quot;}\">\n\t\t\t\t\t\t<div class=\"elementor-container elementor-column-gap-default\">\n\t\t\t\t\t<div class=\"elementor-column elementor-col-50 elementor-top-column elementor-element elementor-element-d8fac92\" data-id=\"d8fac92\" data-element_type=\"column\">\n\t\t\t<div class=\"elementor-widget-wrap elementor-element-populated\">\n\t\t\t\t\t\t<div class=\"elementor-element elementor-element-ea4173f elementor-widget elementor-widget-heading\" data-id=\"ea4173f\" data-element_type=\"widget\" data-widget_type=\"heading.default\">\n\t\t\t\t<div class=\"elementor-widget-container\">\n\t\t\t\t\t<h2 class=\"elementor-heading-title elementor-size-default\">Empatia \u2022 Escuta ativa \u2022 \u00c9tica \u2022 Transpar\u00eancia \u2022 Comprometimento com o humano<\/h2>\t\t\t\t<\/div>\n\t\t\t\t<\/div>\n\t\t\t\t\t<\/div>\n\t\t<\/div>\n\t\t\t\t<div class=\"elementor-column elementor-col-50 elementor-top-column elementor-element elementor-element-7aa5769\" data-id=\"7aa5769\" data-element_type=\"column\">\n\t\t\t<div class=\"elementor-widget-wrap elementor-element-populated\">\n\t\t\t\t\t\t<div class=\"elementor-element elementor-element-9c6e3e1 elementor-align-right elementor-mobile-align-center elementor-widget elementor-widget-button\" data-id=\"9c6e3e1\" data-element_type=\"widget\" data-widget_type=\"button.default\">\n\t\t\t\t<div class=\"elementor-widget-container\">\n\t\t\t\t\t\t\t\t\t<div class=\"elementor-button-wrapper\">\n\t\t\t\t\t<a class=\"elementor-button elementor-button-link elementor-size-sm\" href=\"#\">\n\t\t\t\t\t\t<span class=\"elementor-button-content-wrapper\">\n\t\t\t\t\t\t\t\t\t<span class=\"elementor-button-text\">fale Conosco agora!<\/span>\n\t\t\t\t\t<\/span>\n\t\t\t\t\t<\/a>\n\t\t\t\t<\/div>\n\t\t\t\t\t\t\t\t<\/div>\n\t\t\t\t<\/div>\n\t\t\t\t\t<\/div>\n\t\t<\/div>\n\t\t\t\t\t<\/div>\n\t\t<\/section>\n\t\t\t\t<\/div>\n\t\t","protected":false},"excerpt":{"rendered":"<p>Fale com um especialista Quem Somos Somos uma equipe dedicada \u00e0 escuta, media\u00e7\u00e3o e constru\u00e7\u00e3o de rela\u00e7\u00f5es mais conscientes. Acreditamos que rela\u00e7\u00f5es [&hellip;]<\/p>\n","protected":false},"author":1,"featured_media":0,"parent":0,"menu_order":0,"comment_status":"closed","ping_status":"closed","template":"page-templates\/page_front-page.php","meta":{"footnotes":""},"class_list":["post-401","page","type-page","status-publish","hentry"],"aioseo_notices":[],"_links":{"self":[{"href":"https:\/\/comtrato.com.br\/index.php?rest_route=\/wp\/v2\/pages\/401","targetHints":{"allow":["GET"]}}],"collection":[{"href":"https:\/\/comtrato.com.br\/index.php?rest_route=\/wp\/v2\/pages"}],"about":[{"href":"https:\/\/comtrato.com.br\/index.php?rest_route=\/wp\/v2\/types\/page"}],"author":[{"embeddable":true,"href":"https:\/\/comtrato.com.br\/index.php?rest_route=\/wp\/v2\/users\/1"}],"replies":[{"embeddable":true,"href":"https:\/\/comtrato.com.br\/index.php?rest_route=%2Fwp%2Fv2%2Fcomments&post=401"}],"version-history":[{"count":19,"href":"https:\/\/comtrato.com.br\/index.php?rest_route=\/wp\/v2\/pages\/401\/revisions"}],"predecessor-version":[{"id":1344,"href":"https:\/\/comtrato.com.br\/index.php?rest_route=\/wp\/v2\/pages\/401\/revisions\/1344"}],"wp:attachment":[{"href":"https:\/\/comtrato.com.br\/index.php?rest_route=%2Fwp%2Fv2%2Fmedia&parent=401"}],"curies":[{"name":"wp","href":"https:\/\/api.w.org\/{rel}","templated":true}]}}